{"id":146,"date":"2017-11-07T20:12:33","date_gmt":"2017-11-07T19:12:33","guid":{"rendered":"http:\/\/hfs.schulen-offenbach.de\/cms\/?page_id=146"},"modified":"2025-09-18T11:56:37","modified_gmt":"2025-09-18T09:56:37","slug":"kollegium","status":"publish","type":"page","link":"https:\/\/hfs.schulen-offenbach.de\/cms\/die-schule\/kollegium\/","title":{"rendered":"Kollegium"},"content":{"rendered":"\r\n<p style=\"text-align: center;\">Das Kollegium der Hafenschule besteht derzeit aus 18 Klassenleitungen, 4 F\u00f6rderschullehrer:innen, einer UBUS-Kraft, vielen zus\u00e4tzlichen Fachlehrer:innen als auch p\u00e4dagogischen Fachkr\u00e4ften vom EKO, zur Unterst\u00fctzung im Vor- und Nachmittag. Au\u00dferdem haben wir momentan tolle Unterst\u00fctzung in der Mittagsbetreuung und eine FSJlerin mit an Bord! Mittlerweile sind wir also ein richtig gro\u00dfes Team!<\/p>\r\n<p style=\"text-align: center;\"><!-- \/wp:post-content -->\r\n\r\n<!-- wp:image {\"id\":2572,\"sizeSlug\":\"large\"} --><\/p>\r\n<p style=\"text-align: center;\">&nbsp;<\/p>\r\n<!-- \/wp:image -->","protected":false},"excerpt":{"rendered":"<p>Das Kollegium der Hafenschule besteht derzeit aus 18 Klassenleitungen, 4 F\u00f6rderschullehrer:innen, einer UBUS-Kraft, vielen zus\u00e4tzlichen Fachlehrer:innen als auch p\u00e4dagogischen Fachkr\u00e4ften vom EKO, zur Unterst\u00fctzung im Vor- und Nachmittag. Au\u00dferdem haben wir momentan tolle Unterst\u00fctzung in der Mittagsbetreuung und eine FSJlerin mit an Bord! Mittlerweile sind wir also ein richtig gro\u00dfes Team! &nbsp;<\/p>\n","protected":false},"author":3,"featured_media":0,"parent":140,"menu_order":0,"comment_status":"closed","ping_status":"closed","template":"","meta":{"_uag_custom_page_level_css":"","ngg_post_thumbnail":0,"footnotes":""},"class_list":["post-146","page","type-page","status-publish","hentry"],"uagb_featured_image_src":{"full":false,"thumbnail":false,"medium":false,"medium_large":false,"large":false,"1536x1536":false,"2048x2048":false,"ashe-slider-full-thumbnail":false,"ashe-full-thumbnail":false,"ashe-list-thumbnail":false,"ashe-grid-thumbnail":false,"ashe-single-navigation":false},"uagb_author_info":{"display_name":"Hafenschule Offenbach","author_link":"https:\/\/hfs.schulen-offenbach.de\/cms\/author\/hfsof\/"},"uagb_comment_info":0,"uagb_excerpt":"Das Kollegium der Hafenschule besteht derzeit aus 18 Klassenleitungen, 4 F\u00f6rderschullehrer:innen, einer UBUS-Kraft, vielen zus\u00e4tzlichen Fachlehrer:innen als auch p\u00e4dagogischen Fachkr\u00e4ften vom EKO, zur Unterst\u00fctzung im Vor- und Nachmittag. Au\u00dferdem haben wir momentan tolle Unterst\u00fctzung in der Mittagsbetreuung und eine FSJlerin mit an Bord! Mittlerweile sind wir also ein richtig gro\u00dfes Team! &nbsp;","_links":{"self":[{"href":"https:\/\/hfs.schulen-offenbach.de\/cms\/wp-json\/wp\/v2\/pages\/146","targetHints":{"allow":["GET"]}}],"collection":[{"href":"https:\/\/hfs.schulen-offenbach.de\/cms\/wp-json\/wp\/v2\/pages"}],"about":[{"href":"https:\/\/hfs.schulen-offenbach.de\/cms\/wp-json\/wp\/v2\/types\/page"}],"author":[{"embeddable":true,"href":"https:\/\/hfs.schulen-offenbach.de\/cms\/wp-json\/wp\/v2\/users\/3"}],"replies":[{"embeddable":true,"href":"https:\/\/hfs.schulen-offenbach.de\/cms\/wp-json\/wp\/v2\/comments?post=146"}],"version-history":[{"count":26,"href":"https:\/\/hfs.schulen-offenbach.de\/cms\/wp-json\/wp\/v2\/pages\/146\/revisions"}],"predecessor-version":[{"id":3362,"href":"https:\/\/hfs.schulen-offenbach.de\/cms\/wp-json\/wp\/v2\/pages\/146\/revisions\/3362"}],"up":[{"embeddable":true,"href":"https:\/\/hfs.schulen-offenbach.de\/cms\/wp-json\/wp\/v2\/pages\/140"}],"wp:attachment":[{"href":"https:\/\/hfs.schulen-offenbach.de\/cms\/wp-json\/wp\/v2\/media?parent=146"}],"curies":[{"name":"wp","href":"https:\/\/api.w.org\/{rel}","templated":true}]}}