{"id":166,"date":"2017-11-07T20:17:03","date_gmt":"2017-11-07T19:17:03","guid":{"rendered":"http:\/\/hfs.schulen-offenbach.de\/cms\/?page_id=166"},"modified":"2025-01-29T08:54:17","modified_gmt":"2025-01-29T07:54:17","slug":"ganztagsklassen","status":"publish","type":"page","link":"https:\/\/hfs.schulen-offenbach.de\/cms\/schulkonzept\/ganztagsklassen\/","title":{"rendered":"Ganztagsklassen"},"content":{"rendered":"\r\n<figure class=\"wp-block-image size-large\"><img loading=\"lazy\" decoding=\"async\" width=\"346\" height=\"113\" class=\"wp-image-2521\" src=\"https:\/\/hfs.schulen-offenbach.de\/cms\/wp-content\/uploads\/2021\/11\/Logo-EKO-1.jpg\" alt=\"\" srcset=\"https:\/\/hfs.schulen-offenbach.de\/cms\/wp-content\/uploads\/2021\/11\/Logo-EKO-1.jpg 346w, https:\/\/hfs.schulen-offenbach.de\/cms\/wp-content\/uploads\/2021\/11\/Logo-EKO-1-300x98.jpg 300w\" sizes=\"auto, (max-width: 346px) 100vw, 346px\" \/><\/figure>\r\n\r\n<p>Die Kooperation mit den Lehrer\/-innen und die aktive Zusammenarbeit stehen im Focus der Ganztagsklassen.<\/p>\r\n<p>Im Dialog mit der Schule und unserem Lerntherapeuten, Herrn Jens Mengeler, und unserer Angebot- und Projektarbeit, f\u00fchren wir die Kinder am Nachmittag an selbst\u00e4ndiges, eigenverantwortliches Lernen heran.<\/p>\r\n<p>Neben den Lernzeiten am Nachmittag, bieten wir einmal w\u00f6chentlich eine Projektarbeit und einen \u201eKlassentag\u201c an. Die Tage werden mit dem entsprechenden Klassenlehrer vereinbart.<\/p>\r\n<p>Lernzeiten und \u201eFreispiele\u201c gehen ineinander \u00fcber.<\/p>\r\n<p>Die Kinder werden in ihren Lernprozessen wie auch im allt\u00e4glichen Ablauf partizipiert.<\/p>\r\n<p>Jeden Montag findet unser\u201c Kinderparlament\u201c statt. Dort bekommen die Kinder Raum und Zeit \u00fcber ihre Bed\u00fcrfnisse, Interessen, Beschwerden, \u00c4ngste u.\u00e4 zu kommunizieren, und mit uns und den Kindern zu bearbeiten. Im Wechsel wird es klassenintern, aber auch gemeinschaftlich, gehalten. Die Kinder bringen ihre Themen ein und k\u00f6nnen auch die Gesamtverantwortung des Parlamentes \u00fcbernehmen.<\/p>\r\n<p>In den Ferien gestalten wir gemeinsam mit den Kindern ein Ferienprogramm. Die Eltern und Kinder erhalten einen Plan und k\u00f6nnen entscheiden, an welchen Wochen sie teilnehmen m\u00f6chten.<\/p>\r\n<p>Dies gibt uns die M\u00f6glichkeit, die Kinder noch intensiver kennenzulernen und ganz besonders auf deren Individualit\u00e4t einzugehen.<\/p>\r\n<p>Wenn wir Ihr Interesse geweckt haben, k\u00f6nnen Sie <a href=\"https:\/\/www.offenbach.de\/\/leben-in-of\/familie_soziales\/familie_und_kinder\/eko\/betreuung\/kitaplatz-fuer-mein-kind-beantragen.php\">hier<\/a> sich informieren, wie Sie einen Kitaplatz beantragen k\u00f6nnen.<\/p>\r\n<p>&nbsp;<\/p>\r\n<p>&nbsp;<\/p>\r\n<h4>Platzangebot<\/h4>\r\n<ul>\r\n<li>200 Kinder im Schulalter (1. bis 4. Klasse)<\/li>\r\n<li>Zur Zeit ca. 140 Kinder im Schulalter&nbsp; (1. bis 4. Klasse)<\/li>\r\n<\/ul>\r\n<p>&nbsp;<\/p>\r\n<h4>\u00d6ffnungszeiten<\/h4>\r\n<p>t\u00e4glich von 7:30 Uhr bis 17:00 Uhr<\/p>\r\n<p>&nbsp;<\/p>\r\n<h4>Schlie\u00dftage<\/h4>\r\n<p>3 Wochen in den hessischen Sommerferien<\/p>\r\n<p>24.12. &#8211; einschlie\u00dflich 01.01. des Folgejahres<\/p>\r\n<p>7 Tage pro Jahr f\u00fcr die Qualifizierung, Betriebsversammlung, Betriebsausflug<\/p>\r\n<p>\u00bd Tag f\u00fcr die Personalversammlung<\/p>\r\n<p>&nbsp;<\/p>\r\n<h4>Adresse<\/h4>\r\n<p>Kita 27 Hafenschule<br>Hafenalle 15<br>63067 Offenbach<br><a href=\"mailto:eko.kita27@jugendamt-of.de\">E-Mail:&nbsp;eko.kita27@jugendamt-of.de<\/a><\/p>\r\n<p>Leitung: Daniela Sgherri<\/p>","protected":false},"excerpt":{"rendered":"<p>Die Kooperation mit den Lehrer\/-innen und die aktive Zusammenarbeit stehen im Focus der Ganztagsklassen. Im Dialog mit der Schule und unserem Lerntherapeuten, Herrn Jens Mengeler, und unserer Angebot- und Projektarbeit, f\u00fchren wir die Kinder am Nachmittag an selbst\u00e4ndiges, eigenverantwortliches Lernen heran. Neben den Lernzeiten am Nachmittag, bieten wir einmal w\u00f6chentlich eine Projektarbeit und einen \u201eKlassentag\u201c an. Die Tage werden mit dem entsprechenden Klassenlehrer vereinbart. Lernzeiten und \u201eFreispiele\u201c gehen ineinander \u00fcber. Die Kinder werden in ihren Lernprozessen wie auch im allt\u00e4glichen Ablauf partizipiert. Jeden Montag findet unser\u201c Kinderparlament\u201c statt. Dort bekommen die Kinder Raum und Zeit \u00fcber ihre Bed\u00fcrfnisse, Interessen, Beschwerden, \u00c4ngste u.\u00e4 zu kommunizieren, und mit uns und den Kindern zu bearbeiten. Im Wechsel wird es klassenintern, aber auch gemeinschaftlich, gehalten. Die Kinder bringen ihre Themen ein und k\u00f6nnen auch die Gesamtverantwortung des Parlamentes \u00fcbernehmen. In den Ferien gestalten wir gemeinsam mit den Kindern ein Ferienprogramm. Die Eltern und Kinder erhalten einen Plan und k\u00f6nnen entscheiden, an welchen Wochen sie teilnehmen m\u00f6chten. Dies gibt uns die M\u00f6glichkeit, die Kinder noch intensiver kennenzulernen und ganz besonders auf deren Individualit\u00e4t einzugehen. Wenn wir Ihr Interesse geweckt haben, k\u00f6nnen Sie hier sich informieren, wie Sie einen Kitaplatz beantragen k\u00f6nnen. &nbsp; &nbsp; Platzangebot 200 Kinder im Schulalter (1. bis 4. Klasse) Zur Zeit ca. 140 Kinder im Schulalter&nbsp; (1. bis 4. Klasse) &nbsp; \u00d6ffnungszeiten t\u00e4glich von 7:30 Uhr bis 17:00 Uhr &nbsp; Schlie\u00dftage 3 Wochen in den hessischen Sommerferien 24.12. &#8211; einschlie\u00dflich 01.01. des Folgejahres 7 Tage pro Jahr f\u00fcr die Qualifizierung, Betriebsversammlung, Betriebsausflug \u00bd Tag f\u00fcr die Personalversammlung &nbsp; Adresse Kita 27 HafenschuleHafenalle 1563067 OffenbachE-Mail:&nbsp;eko.kita27@jugendamt-of.de Leitung: Daniela Sgherri<\/p>\n","protected":false},"author":3,"featured_media":0,"parent":155,"menu_order":0,"comment_status":"closed","ping_status":"closed","template":"","meta":{"_uag_custom_page_level_css":"","ngg_post_thumbnail":0,"footnotes":""},"class_list":["post-166","page","type-page","status-publish","hentry"],"uagb_featured_image_src":{"full":false,"thumbnail":false,"medium":false,"medium_large":false,"large":false,"1536x1536":false,"2048x2048":false,"ashe-slider-full-thumbnail":false,"ashe-full-thumbnail":false,"ashe-list-thumbnail":false,"ashe-grid-thumbnail":false,"ashe-single-navigation":false},"uagb_author_info":{"display_name":"Hafenschule Offenbach","author_link":"https:\/\/hfs.schulen-offenbach.de\/cms\/author\/hfsof\/"},"uagb_comment_info":0,"uagb_excerpt":"Die Kooperation mit den Lehrer\/-innen und die aktive Zusammenarbeit stehen im Focus der Ganztagsklassen. Im Dialog mit der Schule und unserem Lerntherapeuten, Herrn Jens Mengeler, und unserer Angebot- und Projektarbeit, f\u00fchren wir die Kinder am Nachmittag an selbst\u00e4ndiges, eigenverantwortliches Lernen heran. Neben den Lernzeiten am Nachmittag, bieten wir einmal w\u00f6chentlich eine Projektarbeit und einen \u201eKlassentag\u201c&hellip;","_links":{"self":[{"href":"https:\/\/hfs.schulen-offenbach.de\/cms\/wp-json\/wp\/v2\/pages\/166","targetHints":{"allow":["GET"]}}],"collection":[{"href":"https:\/\/hfs.schulen-offenbach.de\/cms\/wp-json\/wp\/v2\/pages"}],"about":[{"href":"https:\/\/hfs.schulen-offenbach.de\/cms\/wp-json\/wp\/v2\/types\/page"}],"author":[{"embeddable":true,"href":"https:\/\/hfs.schulen-offenbach.de\/cms\/wp-json\/wp\/v2\/users\/3"}],"replies":[{"embeddable":true,"href":"https:\/\/hfs.schulen-offenbach.de\/cms\/wp-json\/wp\/v2\/comments?post=166"}],"version-history":[{"count":51,"href":"https:\/\/hfs.schulen-offenbach.de\/cms\/wp-json\/wp\/v2\/pages\/166\/revisions"}],"predecessor-version":[{"id":3195,"href":"https:\/\/hfs.schulen-offenbach.de\/cms\/wp-json\/wp\/v2\/pages\/166\/revisions\/3195"}],"up":[{"embeddable":true,"href":"https:\/\/hfs.schulen-offenbach.de\/cms\/wp-json\/wp\/v2\/pages\/155"}],"wp:attachment":[{"href":"https:\/\/hfs.schulen-offenbach.de\/cms\/wp-json\/wp\/v2\/media?parent=166"}],"curies":[{"name":"wp","href":"https:\/\/api.w.org\/{rel}","templated":true}]}}