{"id":3213,"date":"2025-02-14T18:43:18","date_gmt":"2025-02-14T17:43:18","guid":{"rendered":"https:\/\/hfs.schulen-offenbach.de\/cms\/?page_id=3213"},"modified":"2026-02-23T12:44:14","modified_gmt":"2026-02-23T11:44:14","slug":"schnuppertag","status":"publish","type":"page","link":"https:\/\/hfs.schulen-offenbach.de\/cms\/einschulung\/schnuppertag\/","title":{"rendered":"Schnuppertag"},"content":{"rendered":"<p>Am Schnuppertag hei\u00dfen wir die zuk\u00fcnftigen Einschulungskinder herzlich willkommen! Dies ist der erste l\u00e4ngere Besuch der Kinder bei uns, und sie haben die M\u00f6glichkeit, einen Schulvormittag lang in kleinen Gruppen zu spielen und zu lernen. Unter der Anleitung von zwei erfahrenen Lehrkr\u00e4ften werden die Kinder angeleitet und beobachtet.<\/p>\n<p>Unser Fokus liegt auf den emotionalen, sozialen, motorischen und kognitiven F\u00e4higkeiten jedes Kindes. Durch diese Beobachtungen k\u00f6nnen die Lehrkr\u00e4fte besser einsch\u00e4tzen, ob Ihr Kind bereit f\u00fcr die 1. Klasse ist oder ob es von einem Besuch in der Vorklasse profitieren k\u00f6nnte. Die Vorklasse ist eine wertvolle Chance, die Kinder in ihrer Entwicklung zu unterst\u00fctzen und ihnen die n\u00f6tigen F\u00e4higkeiten zu vermitteln, um erfolgreich in die Schule zu starten.&nbsp;<\/p>\n<p><strong>Der Schnuppertag f\u00fcr das Schuljahr 2026\/27 findet am Mittwoch, den 25. Februar 2026 von 9.00 bis 12.00 Uhr, statt.<\/strong><\/p>\n<p><a href=\"https:\/\/hfs.schulen-offenbach.de\/cms\/wp-content\/uploads\/2026\/02\/Schnuppertag_25.02.2026_Hafenschule.pdf\">Schnuppertag_25.02.2026_Hafenschule<\/a>&nbsp;<\/p>\n<p>Bitte bringt Schere, Kleber, Buntstifte und was zu trinken und essen mit.<\/p>\n<p>Wir freuen uns auf einen spannenden Schnuppertag und darauf, die Kinder kennenzulernen!<\/p>\n","protected":false},"excerpt":{"rendered":"<p>Am Schnuppertag hei\u00dfen wir die zuk\u00fcnftigen Einschulungskinder herzlich willkommen! Dies ist der erste l\u00e4ngere Besuch der Kinder bei uns, und sie haben die M\u00f6glichkeit, einen Schulvormittag lang in kleinen Gruppen zu spielen und zu lernen. Unter der Anleitung von zwei erfahrenen Lehrkr\u00e4ften werden die Kinder angeleitet und beobachtet. Unser Fokus liegt auf den emotionalen, sozialen, motorischen und kognitiven F\u00e4higkeiten jedes Kindes. Durch diese Beobachtungen k\u00f6nnen die Lehrkr\u00e4fte besser einsch\u00e4tzen, ob Ihr Kind bereit f\u00fcr die 1. Klasse ist oder ob es von einem Besuch in der Vorklasse profitieren k\u00f6nnte. Die Vorklasse ist eine wertvolle Chance, die Kinder in ihrer Entwicklung zu unterst\u00fctzen und ihnen die n\u00f6tigen F\u00e4higkeiten zu vermitteln, um erfolgreich in die Schule zu starten.&nbsp; Der Schnuppertag f\u00fcr das Schuljahr 2026\/27 findet am Mittwoch, den 25. Februar 2026 von 9.00 bis 12.00 Uhr, statt. Schnuppertag_25.02.2026_Hafenschule&nbsp; Bitte bringt Schere, Kleber, Buntstifte und was zu trinken und essen mit. Wir freuen uns auf einen spannenden Schnuppertag und darauf, die Kinder kennenzulernen!<\/p>\n","protected":false},"author":9,"featured_media":0,"parent":3198,"menu_order":2,"comment_status":"closed","ping_status":"closed","template":"","meta":{"_uag_custom_page_level_css":"","ngg_post_thumbnail":0,"footnotes":""},"class_list":["post-3213","page","type-page","status-publish","hentry"],"uagb_featured_image_src":{"full":false,"thumbnail":false,"medium":false,"medium_large":false,"large":false,"1536x1536":false,"2048x2048":false,"ashe-slider-full-thumbnail":false,"ashe-full-thumbnail":false,"ashe-list-thumbnail":false,"ashe-grid-thumbnail":false,"ashe-single-navigation":false},"uagb_author_info":{"display_name":"Beatrice B\u00f6ings","author_link":"https:\/\/hfs.schulen-offenbach.de\/cms\/author\/hfs_boeings\/"},"uagb_comment_info":0,"uagb_excerpt":"Am Schnuppertag hei\u00dfen wir die zuk\u00fcnftigen Einschulungskinder herzlich willkommen! Dies ist der erste l\u00e4ngere Besuch der Kinder bei uns, und sie haben die M\u00f6glichkeit, einen Schulvormittag lang in kleinen Gruppen zu spielen und zu lernen. Unter der Anleitung von zwei erfahrenen Lehrkr\u00e4ften werden die Kinder angeleitet und beobachtet. Unser Fokus liegt auf den emotionalen, sozialen,&hellip;","_links":{"self":[{"href":"https:\/\/hfs.schulen-offenbach.de\/cms\/wp-json\/wp\/v2\/pages\/3213","targetHints":{"allow":["GET"]}}],"collection":[{"href":"https:\/\/hfs.schulen-offenbach.de\/cms\/wp-json\/wp\/v2\/pages"}],"about":[{"href":"https:\/\/hfs.schulen-offenbach.de\/cms\/wp-json\/wp\/v2\/types\/page"}],"author":[{"embeddable":true,"href":"https:\/\/hfs.schulen-offenbach.de\/cms\/wp-json\/wp\/v2\/users\/9"}],"replies":[{"embeddable":true,"href":"https:\/\/hfs.schulen-offenbach.de\/cms\/wp-json\/wp\/v2\/comments?post=3213"}],"version-history":[{"count":6,"href":"https:\/\/hfs.schulen-offenbach.de\/cms\/wp-json\/wp\/v2\/pages\/3213\/revisions"}],"predecessor-version":[{"id":3512,"href":"https:\/\/hfs.schulen-offenbach.de\/cms\/wp-json\/wp\/v2\/pages\/3213\/revisions\/3512"}],"up":[{"embeddable":true,"href":"https:\/\/hfs.schulen-offenbach.de\/cms\/wp-json\/wp\/v2\/pages\/3198"}],"wp:attachment":[{"href":"https:\/\/hfs.schulen-offenbach.de\/cms\/wp-json\/wp\/v2\/media?parent=3213"}],"curies":[{"name":"wp","href":"https:\/\/api.w.org\/{rel}","templated":true}]}}