{"id":3221,"date":"2025-02-14T19:06:44","date_gmt":"2025-02-14T18:06:44","guid":{"rendered":"https:\/\/hfs.schulen-offenbach.de\/cms\/?page_id=3221"},"modified":"2026-03-17T13:32:14","modified_gmt":"2026-03-17T12:32:14","slug":"schulanmeldung","status":"publish","type":"page","link":"https:\/\/hfs.schulen-offenbach.de\/cms\/einschulung\/schulanmeldung\/","title":{"rendered":"Schulanmeldung"},"content":{"rendered":"<p data-start=\"81\" data-end=\"278\">Die Schulanmeldung f\u00fcr zuk\u00fcnftige Hafenschulkinder erfolgt etwa anderthalb Jahre vor Schulbeginn. An diesem Tag kommen Sie, liebe Eltern, gemeinsam mit Ihrem Kind f\u00fcr etwa 60 Minuten in die Schule.<\/p>\n<p data-start=\"280\" data-end=\"610\">W\u00e4hrend des Termins f\u00fcllen Sie das Anmeldeformular aus und legen den Impfausweis Ihres Kindes vor, um den Masernschutz nachzuweisen. In dieser Zeit befindet sich Ihr Kind in einer Kleingruppe. Unser Schulleitungsteam \u00fcberpr\u00fcft dabei den Sprachstand, um eine angemessene Einsch\u00e4tzung der schulischen Voraussetzungen zu erm\u00f6glichen.<\/p>\n<p data-start=\"612\" data-end=\"713\">W\u00e4hrenddessen haben Sie die M\u00f6glichkeit, sich in unserem Elterncaf\u00e9 zu informieren und auszutauschen.<\/p>\n<p data-start=\"715\" data-end=\"778\">F\u00fcr weitere Informationen stehen wir Ihnen gerne zur Verf\u00fcgung.<\/p>\n<p data-start=\"780\" data-end=\"899\">Die Schulanmeldung f\u00fcr die Einschulung im Schuljahr 2027\/28 findet im Zeitraum vom 20.04.2026 bis zum 28.04.2026 statt.<\/p>\n","protected":false},"excerpt":{"rendered":"<p>Die Schulanmeldung f\u00fcr zuk\u00fcnftige Hafenschulkinder erfolgt etwa anderthalb Jahre vor Schulbeginn. An diesem Tag kommen Sie, liebe Eltern, gemeinsam mit Ihrem Kind f\u00fcr etwa 60 Minuten in die Schule. W\u00e4hrend des Termins f\u00fcllen Sie das Anmeldeformular aus und legen den Impfausweis Ihres Kindes vor, um den Masernschutz nachzuweisen. In dieser Zeit befindet sich Ihr Kind in einer Kleingruppe. Unser Schulleitungsteam \u00fcberpr\u00fcft dabei den Sprachstand, um eine angemessene Einsch\u00e4tzung der schulischen Voraussetzungen zu erm\u00f6glichen. W\u00e4hrenddessen haben Sie die M\u00f6glichkeit, sich in unserem Elterncaf\u00e9 zu informieren und auszutauschen. F\u00fcr weitere Informationen stehen wir Ihnen gerne zur Verf\u00fcgung. Die Schulanmeldung f\u00fcr die Einschulung im Schuljahr 2027\/28 findet im Zeitraum vom 20.04.2026 bis zum 28.04.2026 statt.<\/p>\n","protected":false},"author":9,"featured_media":0,"parent":3198,"menu_order":3,"comment_status":"closed","ping_status":"closed","template":"","meta":{"_uag_custom_page_level_css":"","ngg_post_thumbnail":0,"footnotes":""},"class_list":["post-3221","page","type-page","status-publish","hentry"],"uagb_featured_image_src":{"full":false,"thumbnail":false,"medium":false,"medium_large":false,"large":false,"1536x1536":false,"2048x2048":false,"ashe-slider-full-thumbnail":false,"ashe-full-thumbnail":false,"ashe-list-thumbnail":false,"ashe-grid-thumbnail":false,"ashe-single-navigation":false},"uagb_author_info":{"display_name":"Beatrice B\u00f6ings","author_link":"https:\/\/hfs.schulen-offenbach.de\/cms\/author\/hfs_boeings\/"},"uagb_comment_info":0,"uagb_excerpt":"Die Schulanmeldung f\u00fcr zuk\u00fcnftige Hafenschulkinder erfolgt etwa anderthalb Jahre vor Schulbeginn. An diesem Tag kommen Sie, liebe Eltern, gemeinsam mit Ihrem Kind f\u00fcr etwa 60 Minuten in die Schule. W\u00e4hrend des Termins f\u00fcllen Sie das Anmeldeformular aus und legen den Impfausweis Ihres Kindes vor, um den Masernschutz nachzuweisen. In dieser Zeit befindet sich Ihr Kind&hellip;","_links":{"self":[{"href":"https:\/\/hfs.schulen-offenbach.de\/cms\/wp-json\/wp\/v2\/pages\/3221","targetHints":{"allow":["GET"]}}],"collection":[{"href":"https:\/\/hfs.schulen-offenbach.de\/cms\/wp-json\/wp\/v2\/pages"}],"about":[{"href":"https:\/\/hfs.schulen-offenbach.de\/cms\/wp-json\/wp\/v2\/types\/page"}],"author":[{"embeddable":true,"href":"https:\/\/hfs.schulen-offenbach.de\/cms\/wp-json\/wp\/v2\/users\/9"}],"replies":[{"embeddable":true,"href":"https:\/\/hfs.schulen-offenbach.de\/cms\/wp-json\/wp\/v2\/comments?post=3221"}],"version-history":[{"count":5,"href":"https:\/\/hfs.schulen-offenbach.de\/cms\/wp-json\/wp\/v2\/pages\/3221\/revisions"}],"predecessor-version":[{"id":3539,"href":"https:\/\/hfs.schulen-offenbach.de\/cms\/wp-json\/wp\/v2\/pages\/3221\/revisions\/3539"}],"up":[{"embeddable":true,"href":"https:\/\/hfs.schulen-offenbach.de\/cms\/wp-json\/wp\/v2\/pages\/3198"}],"wp:attachment":[{"href":"https:\/\/hfs.schulen-offenbach.de\/cms\/wp-json\/wp\/v2\/media?parent=3221"}],"curies":[{"name":"wp","href":"https:\/\/api.w.org\/{rel}","templated":true}]}}