{"id":3687,"date":"2026-08-03T14:40:49","date_gmt":"2026-08-03T12:40:49","guid":{"rendered":"https:\/\/hfs.schulen-offenbach.de\/cms\/?page_id=3687"},"modified":"2026-08-11T12:23:15","modified_gmt":"2026-08-11T10:23:15","slug":"sbl","status":"publish","type":"page","link":"https:\/\/hfs.schulen-offenbach.de\/cms\/betreuung\/sbl\/","title":{"rendered":"SBL"},"content":{"rendered":"<p>&nbsp;Liebe Eltern,<\/p>\n<p><a href=\"https:\/\/hfs.schulen-offenbach.de\/cms\/wp-content\/uploads\/2026\/06\/cropped-Logo-SBL-e1679842054353-93x70-1.png\"><img loading=\"lazy\" decoding=\"async\" class=\"size-full wp-image-3680 alignleft\" src=\"https:\/\/hfs.schulen-offenbach.de\/cms\/wp-content\/uploads\/2026\/06\/cropped-Logo-SBL-e1679842054353-93x70-1.png\" alt=\"\" width=\"93\" height=\"70\"><\/a>wir, die selbst-bewusst-lernen gUG (SBL), freuen uns sehr, dass wir uns Ihnen als neuer Tr\u00e4ger der Nachmittagsbetreuung an der Hafenschule vorstellen d\u00fcrfen.<\/p>\n<p>Ab August 2026 \u00fcbernehmen wir f\u00fcr die Kinder des ersten Schuljahres sowie f\u00fcr interessierte Kinder des 2.-4. Schuljahres die Nachmittagsbetreuung.<\/p>\n<p>Weitere Informationen finden Sie hier:&nbsp;<a href=\"https:\/\/hfs.schulen-offenbach.de\/cms\/wp-content\/uploads\/2026\/05\/Elternbrief-Betreuung-Hafenschule.pdf\">Elternbrief Betreuung Hafenschule<\/a>&nbsp;und hier:&nbsp;<a href=\"https:\/\/hfs.schulen-offenbach.de\/cms\/wp-content\/uploads\/2026\/05\/Mittagessen-Abbuchungserlaubnis.pdf\">Mittagessen-Abbuchungserlaubnis<\/a><\/p>\n<p>Weitere Informationen \u00fcber uns finden Sie auf folgender Webseite:&nbsp;<a href=\"https:\/\/selbst-bewusst-lernen.de\/nachmittagsbetreuung\/\">https:\/\/selbst-bewusst-lernen.de\/nachmittagsbetreuung\/&nbsp;<\/a>&nbsp;<\/p>\n<p>Die Hafenschule l\u00e4dt alle interessierten Eltern herzlich zu einem Informationselternabend ein:&nbsp;<a href=\"https:\/\/hfs.schulen-offenbach.de\/cms\/wp-content\/uploads\/2026\/05\/Einladung-Elternabend-Info-SBL_24.06.26.pdf\">Einladung Elternabend Info SBL_24.06.26<\/a><\/p>\n<p>In den Herbstferien 2026 bietet Kaleidoskop e.V. ein abwechslungsreiches Ferienprogramm f\u00fcr Kinder und Jugendliche an. Vom 05. bis 09.10. sowie vom 12. bis 16.10.2026 erwartet die Teilnehmenden eine Mischung aus Ausfl\u00fcgen, Spiel- und Bastelangeboten sowie spannenden Erlebnissen. Weitere Informationen finden Sie im Anhang: <a href=\"https:\/\/hfs.schulen-offenbach.de\/cms\/wp-content\/uploads\/2026\/08\/Herbstferien-Flyer-Offenbach-Mitte-Nord.pdf\">Herbstferien-Flyer Offenbach Mitte Nord<\/a><\/p>\n<p>&nbsp;<\/p>\n","protected":false},"excerpt":{"rendered":"<p>&nbsp;Liebe Eltern, wir, die selbst-bewusst-lernen gUG (SBL), freuen uns sehr, dass wir uns Ihnen als neuer Tr\u00e4ger der Nachmittagsbetreuung an der Hafenschule vorstellen d\u00fcrfen. Ab August 2026 \u00fcbernehmen wir f\u00fcr die Kinder des ersten Schuljahres sowie f\u00fcr interessierte Kinder des 2.-4. Schuljahres die Nachmittagsbetreuung. Weitere Informationen finden Sie hier:&nbsp;Elternbrief Betreuung Hafenschule&nbsp;und hier:&nbsp;Mittagessen-Abbuchungserlaubnis Weitere Informationen \u00fcber uns finden Sie auf folgender Webseite:&nbsp;https:\/\/selbst-bewusst-lernen.de\/nachmittagsbetreuung\/&nbsp;&nbsp; Die Hafenschule l\u00e4dt alle interessierten Eltern herzlich zu einem Informationselternabend ein:&nbsp;Einladung Elternabend Info SBL_24.06.26 In den Herbstferien 2026 bietet Kaleidoskop e.V. ein abwechslungsreiches Ferienprogramm f\u00fcr Kinder und Jugendliche an. Vom 05. bis 09.10. sowie vom 12. bis 16.10.2026 erwartet die Teilnehmenden eine Mischung aus Ausfl\u00fcgen, Spiel- und Bastelangeboten sowie spannenden Erlebnissen. Weitere Informationen finden Sie im Anhang: Herbstferien-Flyer Offenbach Mitte Nord &nbsp;<\/p>\n","protected":false},"author":11,"featured_media":0,"parent":3663,"menu_order":0,"comment_status":"closed","ping_status":"closed","template":"","meta":{"_uag_custom_page_level_css":"","ngg_post_thumbnail":0,"footnotes":""},"class_list":["post-3687","page","type-page","status-publish","hentry"],"uagb_featured_image_src":{"full":false,"thumbnail":false,"medium":false,"medium_large":false,"large":false,"1536x1536":false,"2048x2048":false,"ashe-slider-full-thumbnail":false,"ashe-full-thumbnail":false,"ashe-list-thumbnail":false,"ashe-grid-thumbnail":false,"ashe-single-navigation":false},"uagb_author_info":{"display_name":"Esra Tasdirek","author_link":"https:\/\/hfs.schulen-offenbach.de\/cms\/author\/hfs_tasdirek\/"},"uagb_comment_info":0,"uagb_excerpt":"&nbsp;Liebe Eltern, wir, die selbst-bewusst-lernen gUG (SBL), freuen uns sehr, dass wir uns Ihnen als neuer Tr\u00e4ger der Nachmittagsbetreuung an der Hafenschule vorstellen d\u00fcrfen. Ab August 2026 \u00fcbernehmen wir f\u00fcr die Kinder des ersten Schuljahres sowie f\u00fcr interessierte Kinder des 2.-4. Schuljahres die Nachmittagsbetreuung. Weitere Informationen finden Sie hier:&nbsp;Elternbrief Betreuung Hafenschule&nbsp;und hier:&nbsp;Mittagessen-Abbuchungserlaubnis Weitere Informationen \u00fcber&hellip;","_links":{"self":[{"href":"https:\/\/hfs.schulen-offenbach.de\/cms\/wp-json\/wp\/v2\/pages\/3687","targetHints":{"allow":["GET"]}}],"collection":[{"href":"https:\/\/hfs.schulen-offenbach.de\/cms\/wp-json\/wp\/v2\/pages"}],"about":[{"href":"https:\/\/hfs.schulen-offenbach.de\/cms\/wp-json\/wp\/v2\/types\/page"}],"author":[{"embeddable":true,"href":"https:\/\/hfs.schulen-offenbach.de\/cms\/wp-json\/wp\/v2\/users\/11"}],"replies":[{"embeddable":true,"href":"https:\/\/hfs.schulen-offenbach.de\/cms\/wp-json\/wp\/v2\/comments?post=3687"}],"version-history":[{"count":4,"href":"https:\/\/hfs.schulen-offenbach.de\/cms\/wp-json\/wp\/v2\/pages\/3687\/revisions"}],"predecessor-version":[{"id":3701,"href":"https:\/\/hfs.schulen-offenbach.de\/cms\/wp-json\/wp\/v2\/pages\/3687\/revisions\/3701"}],"up":[{"embeddable":true,"href":"https:\/\/hfs.schulen-offenbach.de\/cms\/wp-json\/wp\/v2\/pages\/3663"}],"wp:attachment":[{"href":"https:\/\/hfs.schulen-offenbach.de\/cms\/wp-json\/wp\/v2\/media?parent=3687"}],"curies":[{"name":"wp","href":"https:\/\/api.w.org\/{rel}","templated":true}]}}

<p>&nbsp;Liebe Eltern,</p>
<p><a href="https://hfs.schulen-offenbach.de/cms/wp-content/uploads/2026/06/cropped-Logo-SBL-e1679842054353-93x70-1.png"><img loading="lazy" decoding="async" class="size-full wp-image-3680 alignleft" src="https://hfs.schulen-offenbach.de/cms/wp-content/uploads/2026/06/cropped-Logo-SBL-e1679842054353-93x70-1.png" alt="" width="93" height="70"></a>wir, die selbst-bewusst-lernen gUG (SBL), freuen uns sehr, dass wir uns Ihnen als neuer Träger der Nachmittagsbetreuung an der Hafenschule vorstellen dürfen.</p>
<p>Ab August 2026 übernehmen wir für die Kinder des ersten Schuljahres sowie für interessierte Kinder des 2.-4. Schuljahres die Nachmittagsbetreuung.</p>
<p>Weitere Informationen finden Sie hier:&nbsp;<a href="https://hfs.schulen-offenbach.de/cms/wp-content/uploads/2026/05/Elternbrief-Betreuung-Hafenschule.pdf">Elternbrief Betreuung Hafenschule</a>&nbsp;und hier:&nbsp;<a href="https://hfs.schulen-offenbach.de/cms/wp-content/uploads/2026/05/Mittagessen-Abbuchungserlaubnis.pdf">Mittagessen-Abbuchungserlaubnis</a></p>
<p>Weitere Informationen über uns finden Sie auf folgender Webseite:&nbsp;<a href="https://selbst-bewusst-lernen.de/nachmittagsbetreuung/">https://selbst-bewusst-lernen.de/nachmittagsbetreuung/&nbsp;</a>&nbsp;</p>
<p>Die Hafenschule lädt alle interessierten Eltern herzlich zu einem Informationselternabend ein:&nbsp;<a href="https://hfs.schulen-offenbach.de/cms/wp-content/uploads/2026/05/Einladung-Elternabend-Info-SBL_24.06.26.pdf">Einladung Elternabend Info SBL_24.06.26</a></p>
<p>In den Herbstferien 2026 bietet Kaleidoskop e.V. ein abwechslungsreiches Ferienprogramm für Kinder und Jugendliche an. Vom 05. bis 09.10. sowie vom 12. bis 16.10.2026 erwartet die Teilnehmenden eine Mischung aus Ausflügen, Spiel- und Bastelangeboten sowie spannenden Erlebnissen. Weitere Informationen finden Sie im Anhang: <a href="https://hfs.schulen-offenbach.de/cms/wp-content/uploads/2026/08/Herbstferien-Flyer-Offenbach-Mitte-Nord.pdf">Herbstferien-Flyer Offenbach Mitte Nord</a></p>
<p>&nbsp;</p>

<p>&nbsp;Liebe Eltern, wir, die selbst-bewusst-lernen gUG (SBL), freuen uns sehr, dass wir uns Ihnen als neuer Träger der Nachmittagsbetreuung an der Hafenschule vorstellen dürfen. Ab August 2026 übernehmen wir für die Kinder des ersten Schuljahres sowie für interessierte Kinder des 2.-4. Schuljahres die Nachmittagsbetreuung. Weitere Informationen finden Sie hier:&nbsp;Elternbrief Betreuung Hafenschule&nbsp;und hier:&nbsp;Mittagessen-Abbuchungserlaubnis Weitere Informationen über uns finden Sie auf folgender Webseite:&nbsp;https://selbst-bewusst-lernen.de/nachmittagsbetreuung/&nbsp;&nbsp; Die Hafenschule lädt alle interessierten Eltern herzlich zu einem Informationselternabend ein:&nbsp;Einladung Elternabend Info SBL_24.06.26 In den Herbstferien 2026 bietet Kaleidoskop e.V. ein abwechslungsreiches Ferienprogramm für Kinder und Jugendliche an. Vom 05. bis 09.10. sowie vom 12. bis 16.10.2026 erwartet die Teilnehmenden eine Mischung aus Ausflügen, Spiel- und Bastelangeboten sowie spannenden Erlebnissen. Weitere Informationen finden Sie im Anhang: Herbstferien-Flyer Offenbach Mitte Nord &nbsp;</p>

&nbsp;Liebe Eltern, wir, die selbst-bewusst-lernen gUG (SBL), freuen uns sehr, dass wir uns Ihnen als neuer Träger der Nachmittagsbetreuung an der Hafenschule vorstellen dürfen. Ab August 2026 übernehmen wir für die Kinder des ersten Schuljahres sowie für interessierte Kinder des 2.-4. Schuljahres die Nachmittagsbetreuung. Weitere Informationen finden Sie hier:&nbsp;Elternbrief Betreuung Hafenschule&nbsp;und hier:&nbsp;Mittagessen-Abbuchungserlaubnis Weitere Informationen über&hellip;
